{"id":64,"date":"2024-10-11T17:19:53","date_gmt":"2024-10-11T17:19:53","guid":{"rendered":"https:\/\/pumpen-franke.de\/Wordpress\/?page_id=64"},"modified":"2024-10-11T17:19:53","modified_gmt":"2024-10-11T17:19:53","slug":"nutzungsbedingungen","status":"publish","type":"page","link":"https:\/\/www.pumpen-franke.de\/Wordpress\/index.php\/nutzungsbedingungen\/","title":{"rendered":"Nutzungsbedingungen"},"content":{"rendered":"\t\t<div data-elementor-type=\"wp-page\" data-elementor-id=\"64\" class=\"elementor elementor-64\">\n\t\t\t\t<div class=\"elementor-element elementor-element-548496f e-flex e-con-boxed e-con e-parent\" data-id=\"548496f\" data-element_type=\"container\">\n\t\t\t\t\t<div class=\"e-con-inner\">\n\t\t\t\t<div class=\"elementor-element elementor-element-06f8857 elementor-widget elementor-widget-heading\" data-id=\"06f8857\" data-element_type=\"widget\" data-widget_type=\"heading.default\">\n\t\t\t\t<div class=\"elementor-widget-container\">\n\t\t\t\t\t<h2 class=\"elementor-heading-title elementor-size-default\">Nutzungsbedingungen<\/h2>\t\t\t\t<\/div>\n\t\t\t\t<\/div>\n\t\t\t\t\t<\/div>\n\t\t\t\t<\/div>\n\t\t<div class=\"elementor-element elementor-element-9064b09 e-flex e-con-boxed e-con e-parent\" data-id=\"9064b09\" data-element_type=\"container\">\n\t\t\t\t\t<div class=\"e-con-inner\">\n\t\t\t\t<div class=\"elementor-element elementor-element-4b5df00 elementor-widget elementor-widget-text-editor\" data-id=\"4b5df00\" data-element_type=\"widget\" data-widget_type=\"text-editor.default\">\n\t\t\t\t<div class=\"elementor-widget-container\">\n\t\t\t\t\t\t\t\t\t<p>Bitte beachten Sie die folgenden Bestimmungen f\u00fcr die Nutzung unserer Angebote und unser Datenschutzerkl\u00e4rung. Mit der Nutzung der auf unseren Seiten angebotenen Informationen, Dienste un Programme erkl\u00e4rt der Nutzer sein Einverst\u00e4ndnis mit den hier formulierten Nutzungsbedingungen.<\/p><ol><li><strong> Allgemeine Hinweise<\/strong><\/li><\/ol><p>Unsere Internetseiten unterliegen regelm\u00e4\u00dfigen Ver\u00e4nderungen und Erg\u00e4nzungen, die der Aktualisierung der angebotenen Informationen dienen. Wir \u00fcbernehmen daher keine Haftung oder Garantie f\u00fcr Aktualit\u00e4t, Richtigkeit, Vollst\u00e4ndigkeit und Verf\u00fcgbarkeit der dargestellten Informationen. Die hier dargestellten Informationen und Daten dienen dem Nutzer ausschlie\u00dflich zu Informationszwecken und zum pers\u00f6nlichen Gebrauch.<\/p><p>Wir \u00fcbernehmen keine Gew\u00e4hr f\u00fcr direkte oder indirekte Sch\u00e4den, einschlie\u00dflich entgangenen Gewinns, aus der Nutzung des Informationsangebotes dieser Seiten. In jedem Fall haften wir nur bei vors\u00e4tzlichem oder grob fahrl\u00e4ssigem Verhalten, sowie in den F\u00e4llen zwingender gesetzlicher Vorschriften.<\/p><p>Der Inhalt dieser Web-Site ist urheberrechtlich gesch\u00fctzt. Die Speicherung des Inhalts ist lediglich zu privaten Zwecken gestattet. Eine kommerzielle Nutzung zur Weiterver\u00f6ffentlichung oder kostenlosen Verteilung darf nur in Absprache mit uns erfolgen. S\u00e4mtliche Hinweise unterliegen der Aktualisierung.<\/p><ol><li><strong> Datenschutz<\/strong><\/li><\/ol><p>Wir nehmen den Datenschutz ernst und gestaltet ihr Angebot gem\u00e4\u00df den gesetzlichen Bestimmungen f\u00fcr den Datenschutz. Einzelheiten zu unserer Datenschutzpolitik k\u00f6nnen Sie unserer Datenschutzerkl\u00e4rung entnehmen.<\/p><p><strong>III. Spam<\/strong><\/p><p>Die Nutzung aller im Rahmen des Impressums oder vergleichbarer Angaben innerhalb unseres Webauftritts ver\u00f6ffentlichten Kontaktdaten wie Postanschriften, Telefon- und Faxnummern sowie Emailadressen durch Dritte zur \u00dcbersendung von nicht ausdr\u00fccklich angeforderten Informationen ist ausdr\u00fccklich untersagt. Rechtliche Schritte gegen die Versender von sogenannten Spam-Mails bei Verst\u00f6\u00dfen gegen dieses Verbot sind ausdr\u00fccklich vorbehalten.<\/p><p>F\u00fcr alle Rechtsbeziehungen, die sich aus der Nutzung unserer Angebote ergeben, gilt das Recht der Bundesrepublik Deutschland.<\/p><p>Mit Fragen, Hinweisen oder Anregungen zu diesen Nutzungsbedingungen oder zu unserem Internetangebot wenden Sie sich bitte per <a href=\"http:\/\/www.pumpen-franke.de\/kontakt\/\">Kontaktformular<\/a> an uns<\/p><p>Stand: September 2010<\/p><p><a href=\"http:\/\/www.pumpen-franke.de\/impressum\/\">Impressum<\/a>|<a href=\"http:\/\/www.pumpen-franke.de\/datenschutz\/\">Datenschutz<\/a>|<a href=\"http:\/\/www.pumpen-franke.de\/nutzungsbedingungen\/\">Nutzungsbedingungen<\/a><\/p>\t\t\t\t\t\t\t\t<\/div>\n\t\t\t\t<\/div>\n\t\t\t\t\t<\/div>\n\t\t\t\t<\/div>\n\t\t\t\t<\/div>\n\t\t","protected":false},"excerpt":{"rendered":"<p>Nutzungsbedingungen Bitte beachten Sie die folgenden Bestimmungen f\u00fcr die Nutzung unserer Angebote und unser Datenschutzerkl\u00e4rung. Mit der Nutzung der auf unseren Seiten angebotenen Informationen, Dienste un Programme erkl\u00e4rt der Nutzer sein Einverst\u00e4ndnis mit den hier formulierten Nutzungsbedingungen. Allgemeine Hinweise Unsere Internetseiten unterliegen regelm\u00e4\u00dfigen Ver\u00e4nderungen und Erg\u00e4nzungen, die der Aktualisierung der angebotenen Informationen dienen. Wir \u00fcbernehmen [&hellip;]<\/p>\n","protected":false},"author":1,"featured_media":0,"parent":0,"menu_order":14,"comment_status":"closed","ping_status":"closed","template":"","meta":{"footnotes":""},"class_list":["post-64","page","type-page","status-publish","hentry"],"_links":{"self":[{"href":"https:\/\/www.pumpen-franke.de\/Wordpress\/index.php\/wp-json\/wp\/v2\/pages\/64","targetHints":{"allow":["GET"]}}],"collection":[{"href":"https:\/\/www.pumpen-franke.de\/Wordpress\/index.php\/wp-json\/wp\/v2\/pages"}],"about":[{"href":"https:\/\/www.pumpen-franke.de\/Wordpress\/index.php\/wp-json\/wp\/v2\/types\/page"}],"author":[{"embeddable":true,"href":"https:\/\/www.pumpen-franke.de\/Wordpress\/index.php\/wp-json\/wp\/v2\/users\/1"}],"replies":[{"embeddable":true,"href":"https:\/\/www.pumpen-franke.de\/Wordpress\/index.php\/wp-json\/wp\/v2\/comments?post=64"}],"version-history":[{"count":11,"href":"https:\/\/www.pumpen-franke.de\/Wordpress\/index.php\/wp-json\/wp\/v2\/pages\/64\/revisions"}],"predecessor-version":[{"id":122,"href":"https:\/\/www.pumpen-franke.de\/Wordpress\/index.php\/wp-json\/wp\/v2\/pages\/64\/revisions\/122"}],"wp:attachment":[{"href":"https:\/\/www.pumpen-franke.de\/Wordpress\/index.php\/wp-json\/wp\/v2\/media?parent=64"}],"curies":[{"name":"wp","href":"https:\/\/api.w.org\/{rel}","templated":true}]}}